uppose 0 = 8*a + 9 - r. What is the greatest common factor of a and 14?
2
Let j = -7 + 23. Let u(t) = t**2 - 25*t + 156. Let a be u(13). Let s = j - a. Calculate the greatest common divisor of 40 and s.
8
Suppose 186*c - 61*c - 27195 = 88*c. What is the highest common factor of c and 15?
15
Suppose -27*i - 24891 = 96*i - 573963. Calculate the greatest common divisor of i and 144.
144
Let t(m) = 15*m**3 + 20*m**2 - 41*m + 4. Let g be t(2). Calculate the greatest common divisor of g and 5734.
122
Let l(i) = -20*i - 45. Let w be l(-5). Let s be ((-1)/2)/(6/(-60)). Calculate the greatest common factor of w and s.
5
Suppose 67*s - 156*s = -72*s - 75582. What is the highest common divisor of 114 and s?
114
Suppose 3*u - 8 = 3*q - 38, 5*u + 25 = 0. Let h be ((-6357)/(-9))/(-1) + (-96)/(-72). Let b = h + 730. What is the greatest common divisor of b and q?
5
Let p(q) = -q**3 - 13*q**2 - 50*q - 186. Let i be p(-10). Calculate the greatest common divisor of 119 and i.
7
Suppose -n - 20 = 3*f, -3*n + 0*n - 4 = 2*f. Let a = f + 62. Suppose 1 = -q - 2*x + 83, 3*q + 3*x - 231 = 0. Calculate the greatest common divisor of q and a.
18
Let p(i) = 4*i**3 - 38*i**2 + 70*i - 894. Let b be p(10). Let n = 8 + -2. What is the highest common factor of b and n?
6
Suppose -15*r = -38 - 127. Suppose -r*j + 288 = 13*j. What is the highest common factor of j and 5?
1
Let s be 4/(3*3/18). Let j be -1*0*((-20)/s - -2). Suppose j = -h - 5*g + 5 + 7, 5*h - 86 = g. What is the greatest common divisor of 153 and h?
17
Let t(o) = 10*o - 105. Let l be t(-19). Let q = l + 467. What is the greatest common factor of 4 and q?
4
Let g(o) = 36*o - 2743. Let f be g(78). What is the greatest common factor of 235 and f?
5
Let t(v) = -154*v + 238. Let r be t(1). Calculate the highest common divisor of 700 and r.
28
Suppose g = -l + 309, -g - 5*l + 493 - 172 = 0. Let s(v) = -41*v - 515. Let i be s(-13). What is the greatest common divisor of g and i?
18
Let y(p) = p**3 + 15*p**2 + 14*p - 6. Let x be y(-14). Let f(v) = -84*v - 44. Let i be f(x). What is the greatest common divisor of i and 40?
20
Suppose 1058 - 834 = 8*o. Calculate the greatest common factor of o and 360.
4
Let k be 6/(-15) + 372/5. Let f = k + -37. Let a = 1020 - 872. Calculate the highest common divisor of f and a.
37
Suppose 0 = 4*j - 33*j - 87. Let f be j + 5 + -8 + 357. Calculate the greatest common factor of 39 and f.
39
Let m(l) = l**2 + 38. Let h be m(0). Suppose -41 = -5*k - 3*i, -h = -4*k - 0*k - 5*i. Let g be 10/15*12/8. What is the greatest common factor of g and k?
1
Suppose 26*y - 22*y = -p + 1113, -3633 = -13*y - p. Let t be 48/(-15)*50/(-2). What is the highest common factor of t and y?
40
Let n be -7 + (-2 - 0) + (-38700)/(-86). What is the greatest common divisor of 392 and n?
49
Suppose -3*f - f + 40 = 0. Suppose -10*p + 2081 + 3599 = 0. Let b = p + -553. Calculate the highest common divisor of b and f.
5
Suppose 263*m = 104*m + 19239. What is the highest common divisor of 19723 and m?
121
Suppose -2*q - 302*k + 298*k = -688, -3*k = -24. Calculate the highest common factor of 4346 and q.
82
Suppose -2*g - 3*o + 7 = 0, -2*g = 15*o - 11*o - 2. Suppose -g*y = -6*y - 185. Calculate the highest common divisor of y and 148.
37
Let v = 2565 - 2322. What is the greatest common divisor of 39 and v?
3
Let i(v) = -v**2 - 16*v + 10. Let m be i(-17). Let o be 4/m - 8880/(-105). What is the greatest common factor of o and 56?
28
Let a = -2312 - -2873. Calculate the highest common factor of 204 and a.
51
Suppose -w - 5*h = 43, 0 = h - 1 + 4. Let z = 236 - w. Calculate the highest common factor of z and 8.
8
Let h = -8024 - -8528. Calculate the greatest common divisor of h and 952.
56
Let b = -659 - -431. Let q be b/(-10) - (-73)/365. Calculate the highest common factor of q and 368.
23
Let h = -34373 + 35913. Calculate the greatest common factor of h and 2380.
140
Let s = -3731 + 3875. What is the greatest common factor of 352 and s?
16
Let i(j) = -1325*j - 1245. Let y be i(-1). Calculate the highest common factor of 1616 and y.
16
Let p(d) = -64*d**2 - 3 - 17*d - 19 + 67*d**2 + d**3 + 6. Let b be p(8). What is the highest common factor of b and 24?
24
Suppose 7*o - 676 = -4*b + 163, 3*o - 357 = -3*b. Calculate the greatest common factor of o and 506.
11
Let a = 258 + -30. Suppose 3*f = -v + 133 - 5, 2*v = 5*f - a. What is the greatest common divisor of 220 and f?
44
Suppose 382*p + 1048911 - 2709465 = 0. What is the greatest common divisor of p and 567?
189
Let c(w) = 2*w - 14. Let k be c(-10). Let b be (2/6)/(2 - k/(-18)). Suppose 0*q = -b*q + 48. Calculate the greatest common divisor of 8 and q.
8
Let m be (-1)/6*(42 + -54) - (-960 + -1). What is the highest common divisor of 9 and m?
9
Let d(x) = -9*x**2 - 10*x**3 + 113*x - 1 - 107*x + 10*x**2. Let g be d(-3). What is the greatest common factor of 26 and g?
26
Let z = -599 + 964. Suppose 302 = 20*v + 202. Calculate the greatest common factor of z and v.
5
Let i(n) = 4*n**2 + 9*n - 4. Let a be i(-3). Suppose -4*k + 64 = 4*u, a*k + u = -2*u + 76. Calculate the highest common factor of k and 7.
7
Let f be (-18369)/314*(-80)/18. What is the greatest common divisor of 340 and f?
20
Let y be (-8)/(24/14 - 2). Suppose -140*z + 315 = -131*z. Let c be (z/(-21))/(10/(-252)). What is the greatest common divisor of y and c?
14
Let l = 269 - 139. Let s be 145/(-58) - -14 - 9/6. What is the greatest common divisor of l and s?
10
Let h(j) = j**3 - 59*j**2 + 68*j - 577. Let m be h(58). What is the greatest common divisor of 1329 and m?
3
Let x = 104 + -356. Let b = x + 278. What is the highest common divisor of b and 8?
2
Let v be (-220)/35 + 2/7. Let n(w) = -9*w - 44. Let k be n(v). Calculate the highest common divisor of 50 and k.
10
Suppose -2*y = 2*k + 6, 4*k - 9 = 3*y - k. Let g be 1*(-15)/y - 4. Let a(h) = 44*h**2 + 2*h - 1. Let m be a(g). What is the greatest common factor of 5 and m?
5
Let m = 8086 + -7827. Suppose -2 = r - 9. What is the highest common factor of m and r?
7
Let v = -1739 - -2849. Calculate the highest common factor of v and 60.
30
Suppose 2*k - 16*k + 363 = -561. Calculate the highest common factor of 14982 and k.
66
Let s be (4/(-8))/(64/(-69376)). What is the greatest common divisor of 3523 and s?
271
Let i(m) = m**3 + 4*m**2 + 27*m - 138. Let q be i(7). What is the highest common factor of 15 and q?
5
Let o be (28/(-35))/((-1)/125). Let y(m) = m**3 + m**2 + 38. Let r be y(0). Let k = 78 - r. What is the greatest common factor of k and o?
20
Let k be (-62 + 59)*(-2)/8*208. Calculate the greatest common divisor of 3471 and k.
39
Let x(i) = 95*i**3 + 2*i**2 - 1. Let z be x(1). Suppose 113*u - 5341 = 1019 + 1776. Calculate the greatest common factor of u and z.
24
Suppose 16*o = -0*o - 1136. Let s = 115 + o. What is the highest common divisor of 396 and s?
44
Let n be (-1)/(-2)*528/2. Let q = 805 - 801. Suppose l = q*j + 52, -19*l - 186 = -23*l + 5*j. What is the greatest common divisor of n and l?
44
Let v be 2 + -2 + 71 + -1. Let y = -55455 + 55565. What is the highest common divisor of y and v?
10
Let o be (-518)/(-5) - 4/(-10). Let g(i) = -78321*i - 391589. Let b be g(-5). Calculate the highest common factor of o and b.
8
Let o(b) be the first derivative of 2*b**2 + 3*b + 2. Let d be o(3). Suppose -6*f = 1906 - 1996. What is the greatest common divisor of f and d?
15
Let k(m) = -20 + 11*m**3 + 5*m - 10*m**2 - 8 - 12*m**3. Let v be k(-12). Calculate the greatest common divisor of v and 10.
10
Let c(g) = -2*g**3 - 172*g**2 + 834*g + 285. Let x be c(-91). What is the greatest common divisor of 57 and x?
19
Suppose 0 = 380*j - 456*j + 6612. Let q be ((-2)/(6/(-9)))/1. Calculate the highest common factor of q and j.
3
Let q(n) = -36 + n - 3*n + 67 - n**2. Let m be q(5). Let x(a) = 3*a**2 - 2*a - 8. Let v be x(m). Calculate the highest common divisor of 4 and v.
4
Suppose -3*i = -6*i + 4*u + 8, -4 = -2*i + 4*u. Let a = -1756 + 1920. What is the highest common factor of i and a?
4
Let m(v) = 79*v**2 + 22*v + 4. Let n be m(1). Calculate the greatest common divisor of n and 4795.
35
Suppose 5*z = -2*g + 44808, -1846*z - 35848 = -1850*z - 2*g. Calculate the greatest common factor of z and 35.
35
Suppose 13 = 5*o - 12. Let t(b) = 8 - 2*b + 7 + 3*b + b. Let a be